 k, 0*v - 3*v + 45 = 5*d. Let p be (3 - (-219)/v)*5. What is the highest common factor of 22 and p?
22
Suppose -2*r + 7*r + 30 = 0. Let t(a) = -a**3 - 4*a**2 + 3*a - 4. Let i be t(r). Suppose c + 3 = 13. Calculate the greatest common factor of c and i.
10
Let l be 190 + -11*(-20)/110. What is the highest common factor of l and 96?
96
Let p be 0/(-4 + -3 + 4). Suppose -9*c - 2 + 92 = p. Calculate the highest common factor of c and 50.
10
Let v(a) = a**3 + 21*a**2 + 86*a + 27. Let h be v(-9). What is the highest common factor of h and 81?
9
Let a(k) = -5*k + 16. Let d(s) = -s - 1. Let x(b) = -a(b) - 4*d(b). Let w be x(5). What is the greatest common divisor of 22 and w?
11
Let u(x) = 5*x**2 - 3*x + 1. Let g be u(2). Suppose 2*k - 16 = -b, 2*b + 4 = 4*k - 4. Calculate the highest common factor of b and g.
3
Suppose -124 = -4*c - 12*z + 8*z, 0 = -5*c + 3*z + 123. Calculate the greatest common factor of c and 63.
9
Let x be 2/5*15/3. Suppose -h + x*h - 16 = 0. Suppose 0 = -m + h + 88. What is the greatest common factor of 13 and m?
13
Let d(c) = -13*c + 240. Let y be d(-21). Calculate the greatest common factor of 114 and y.
57
Let t = -34 - -13. Suppose 0 = -j + 2*j + 2. Let z be 12/18*t/j. What is the greatest common divisor of 7 and z?
7
Suppose 0 = -s - 9*s + 390. What is the highest common factor of 429 and s?
39
Let u(y) = 9*y - 105. Let q be u(13). Let c be (-9)/(-3) + -2 + 0. Let g be (2/(-4) + c)*6. Calculate the greatest common divisor of g and q.
3
Suppose -3*u + 12 = 3*x, 8*u + 3*x = 11*u + 6. What is the highest common factor of u and 30?
1
Suppose 3 = 4*q - o, -3*q - q + 13 = o. Let l be (45/q)/9*6. Let s be 4/(-2 - (-40)/l). What is the greatest common factor of 48 and s?
6
Let x(v) = -v**3 + 6*v**2 - 4*v + 7. Let y be 2*(3 - 4/8). Let t be x(y). What is the greatest common factor of 96 and t?
12
Let p be -3*14/10*(-15)/9. Suppose 2*n - 254 = 2*v - 4*v, -4*n - 5*v + 503 = 0. Suppose -4*y + p*y - n = 0. What is the highest common divisor of 66 and y?
22
Suppose 2*f - 5*b = -f + 16, f - 5*b = 12. Let r(q) = q - 2*q + 2 + 0*q + 8. Let c be r(7). Calculate the highest common divisor of f and c.
1
Let q be 20/6*81/6. Let i(c) = -18 - 21 + 17*c + 18*c**2 + c**3 + 48. Let u be i(-17). Calculate the greatest common divisor of u and q.
9
Suppose -8*j + 6*j = -5*b - 7, 2*j = 2*b + 10. Let k = -21 - -63. What is the highest common divisor of j and k?
6
Let g(z) = -z + 10. Suppose -129 + 17 = 7*j. Let q be g(j). Calculate the greatest common divisor of 208 and q.
26
Let d(g) = -g**2 - 53*g - 118. Let b be d(-35). Calculate the highest common divisor of b and 16.
16
Suppose -4*g - 2*a + 38 = 0, 5*a = 3*a + 10. Suppose g*q - 598 = -38. Calculate the highest common factor of 30 and q.
10
Suppose 5*j + 543 = -13*u + 15*u, j = -u + 289. What is the greatest common divisor of u and 4?
4
Suppose l + 3*i - 155 = 0, 0 = 4*l - 3*i - 0*i - 575. Suppose -2*d = -l - 24. What is the highest common divisor of d and 5?
5
Let m = 76 - 41. Suppose 3*j - m = -p, 5 = 3*j - 7*p + 2*p. Calculate the greatest common factor of 10 and j.
10
Suppose 7*j - 5 = 6*j. Suppose -3*g = j*d - 261, d = 4*g + 81 - 15. Suppose -2*m - 14 = -d. What is the highest common divisor of 160 and m?
20
Suppose -27 = -8*t + 5. Calculate the greatest common divisor of 52 and t.
4
Let g be (-12)/9*3/2. Let z be 3*(g + 68/36)*-3. What is the highest common factor of z and 13?
1
Let l(c) = -26*c - 74. Let h be l(-5). Calculate the highest common divisor of h and 224.
56
Suppose -t - 2 = -2*j, 37*j = 5*t + 41*j - 18. What is the greatest common divisor of 102 and t?
2
Let a be 329/(-21) + 3/(-9). Let x = 33 + a. Calculate the greatest common factor of 187 and x.
17
Let l be 4*1/2*2. Suppose -11*f - 4 = -13*f. Suppose f*p - 5*v - 22 = 0, 5*p + l*v + 6 = -5. What is the greatest common divisor of 5 and p?
1
Let b = -62 - -132. Let p = -29 - -37. Let z be (-1 + p)*(-90)/(-63). What is the greatest common factor of b and z?
10
Let b be 8/(-44) + 915/11. Let l be 6/10 + b/(-5). Let a = -6 - l. Calculate the highest common factor of 30 and a.
10
Let p = 13 - -36. Let n = -1193 + 1200. Calculate the greatest common divisor of n and p.
7
Let l be (-77)/(4 - 36/8). Let d = l + -58. What is the highest common factor of 12 and d?
12
Suppose 0 = -11*b + 6*b + 405. Let y be (18/4)/((-4)/(-8)). What is the greatest common divisor of b and y?
9
Let q be 30*7*1/3. What is the highest common divisor of q and 280?
70
Let a(j) = -9*j**2 + j + 2. Let g be a(-1). Let d be g/4*(-279)/6. Let m = d + -33. Calculate the greatest common factor of m and 12.
12
Suppose -3*q = -6*g + 8*g - 11, -q = -3*g + 11. Suppose -g*v = -506 - 390. Let b be 29 + 1*-1*1. Calculate the highest common divisor of v and b.
28
Suppose 3315 = 3*h + 2*r - 959, 5*h - 7126 = -2*r. Calculate the highest common divisor of 62 and h.
62
Suppose 0 = -0*k - 4*k + 12. Suppose 2*g = -b + 19, 2*g - 71 = -0*b - 5*b. Let m be (-4 - 0 - -9) + b. Calculate the highest common divisor of m and k.
3
Let y = -24 + 27. Suppose y*n = 4*c - 55 - 227, 140 = 2*c - 2*n. Let b be c/30 - (-4)/(-10). Calculate the highest common factor of 22 and b.
2
Let p = 215 + 60. Let s be (-1 + p/15)/(2/3). Let h(k) = k**3 + 12*k**2 + 6*k. Let x be h(-8). What is the greatest common divisor of x and s?
26
Let c(x) = x**2 - x - 1. Let f be c(3). Suppose -4*t = 4*g - 64, f*t - g - 59 = t. What is the greatest common divisor of 30 and t?
15
Suppose 3*u + 11 = -34. Let p = 13 + u. Let s(q) = -26*q + 2. Let a be s(p). Calculate the greatest common factor of 9 and a.
9
Let h = 74 + -78. Let k be ((-14)/h - 3)*(1 + 151). Calculate the greatest common divisor of k and 19.
19
Let g = -22 - -40. Suppose q = -o + g, -4*q = q. Suppose -o = -3*u + 126. What is the highest common divisor of 6 and u?
6
Let z = -8 + 14. Suppose -1 + z = 5*s. Let v be ((-2)/22)/((-10)/110). What is the highest common factor of v and s?
1
Let c be (-4 - (-18 - -3)/5)*-11. What is the highest common divisor of 891 and c?
11
Let i = 101 + -78. Calculate the highest common factor of 23 and i.
23
Suppose b = -5*r + 4*b + 293, -57 = -r - b. Let d = -73 + 160. Calculate the greatest common factor of d and r.
29
Suppose 2*y = -5*f + 67, y + 34 = 2*f - 0*y. Suppose -f*r = -12*r + 3. Let s = r + 7. Calculate the greatest common divisor of s and 42.
6
Let i(c) = -29*c + 24. Let a be (9/(-6)*1)/((-1)/(-4)). Let r be i(a). Calculate the greatest common factor of r and 18.
18
Let n(x) = 2*x**2 + 14*x - 46. Let z be n(-11). Suppose 0*q + q - 2 = 0. Suppose 5*f = q*f + z. Calculate the highest common factor of f and 21.
7
Let d(f) = 12*f**2 - 3*f - 6. Let o(y) = 37*y**2 - 10*y - 18. Let h(n) = -11*d(n) + 4*o(n). Let a be h(-2). What is the greatest common divisor of 9 and a?
9
Suppose -4*q - m - 4*m - 9 = 0, 0 = 4*q + 3*m - 1. Suppose -5*b + 4 = -3*x - 15, q*x - 33 = -5*b. What is the highest common divisor of x and 5?
1
Let l be (-21)/(-6) + (-2)/4. Let z be (-1)/l + (-28)/6. Let n be z + 2 - (-1 - 114). What is the highest common factor of n and 16?
16
Suppose -4*r + 0*r + 100 = 0. Suppose 155 = -20*m + r*m. Suppose -30*u - 108 = -m*u. Calculate the greatest common divisor of 12 and u.
12
Let t = -7 + 13. Let i(s) = s**3 - 15*s**2 - 53*s - 12. Let x be i(18). What is the highest common divisor of t and x?
6
Let a be 0*(-2)/(-6)*3. Let v = a + 10. Let i(r) = r + 9. Let q be i(-7). What is the greatest common divisor of v and q?
2
Suppose 3*d + 0*d = 63. Calculate the greatest common divisor of 105 and d.
21
Suppose -y - 70 = -6*y. Let b = y - -86. What is the greatest common factor of 20 and b?
20
Suppose 6*m - 16 = -4. Suppose -3*x + 4*b + 8 = -7*x, 0 = 4*x - b - 7. Calculate the greatest common factor of m and x.
1
Suppose 2*y = 3*d - 8 - 4, 3 = y. What is the greatest common divisor of d and 21?
3
Let x(m) = m**3 - 2*m**2 + m + 336. Let g be x(0). Let l(o) = 24*o - 6. Let n be l(2). What is the greatest common factor of n and g?
42
Let q = -532 - -542. What is the highest common factor of 90 and q?
10
Let j(b) = 6 + 0*b**2 - 4 + 7*b + b**2 + 3. Let d be j(-6). Let n be ((-5)/(-10))/(d/(-24)). Calculate the greatest common factor of 12 and n.
12
Let c be 2*(-2)/((-2)/7). Let n be 5/(-2)*-4*(-3)/(-6). Suppose c + 36 = n*v. Cal